 v + i*v + 18 = 0. Determine h(s).
-6
Let h(i) = 4*i**3 + 6*i**2 + 7*i + 7. Let l(n) = 9*n**3 + 12*n**2 + 15*n + 15. Let y = 2 - 9. Let u(x) = y*h(x) + 3*l(x). Determine u(-5).
-9
Let l = 16 - 14. Let u(d) = d**3 + 15*d - 12*d + 2*d**2 + l*d**2. Let t = 9 + -12. Calculate u(t).
0
Let k(h) be the first derivative of -1/3*h**3 + h**2 + 5*h - 13. Let x = -6 - -10. Give k(x).
-3
Let m(g) = 4*g**2 + 3*g + 2. Suppose 3*o + 90 = 4*o. Let k = o - 92. What is m(k)?
12
Let w(r) = 45*r + 528. Let n be w(-12). Let u(l) = -l**2 - 13*l - 3. Calculate u(n).
9
Let c(x) = x**3 - 6*x**2 + 5*x + 2. Suppose -29*k = 41 - 186. What is c(k)?
2
Let u = -11 + 26. Let a be ((-2)/(-7))/(u/315). Let q(c) = 2 - 4 - c**2 - 4 + a*c. Calculate q(4).
2
Let j be (-910)/(-45) - (-6)/(-27). Let r = j - 18. Let n(m) = 3*m**2 + r - 4*m**2 + 2 - 5*m + 5*m**2 - m**3. What is n(3)?
-2
Suppose 4 = -2*g - 4*y, g - 12 = y + 1. Suppose -g*j + 21 = -15*j. Let v(k) = k**2 + 3*k + 2. Give v(j).
2
Let i(v) = v**2 + 3*v - 16. Let g = -265 + 258. Determine i(g).
12
Let x(g) = g**3 - 8*g**2 + 10*g + 6. Suppose 13*k - 84 = -k. What is x(k)?
-6
Let u(n) = n - 1 - 3 + 0 + 1. Suppose 16 = 5*a - 29. Let i be 2*4/24*a. Calculate u(i).
0
Let a = -12 - 1. Let o = -18 - a. Let n(j) = -j - 6. Calculate n(o).
-1
Let m(d) = -2 + 5*d + d**3 + d - 1 + 8*d**2. Let g(p) = 3*p**2 - 33*p - 7. Let a be g(11). Determine m(a).
4
Let s(l) = 5*l - 1 - 5*l - 3*l. Let u be (6/(-5))/((-48)/15 - -3). Calculate s(u).
-19
Let p(o) = 11*o**2 - 21*o + 17. Let m(v) = 4*v**2 - 7*v + 6. Let f(y) = 17*m(y) - 6*p(y). Let l(x) = x**2 + 4*x. Let n(c) = -4*f(c) + 7*l(c). What is n(1)?
-1
Let k(o) be the first derivative of 28 - 2*o**2 + 2*o + 2*o**3 + 1/4*o**4. Determine k(-7).
-19
Let d(o) be the first derivative of -o**4/4 - 7*o**3/3 + 7*o**2/2 + o + 6. Suppose 0 = -5*p - 76 - 14. Let l be -8 - -6 - p/(-3). What is d(l)?
9
Let l = -13 + 7. Let t(k) be the first derivative of 1/2*k**2 + 6 + 7*k. Determine t(l).
1
Let k be (69/46)/((-58)/32 - -2). Let u(j) = -8*j**2 - k*j + 2*j**3 + 6*j**3 - 7*j**3 - 8. Give u(9).
1
Let j(o) = 4*o + 18. Let m(b) = -3*b - 18. Let a(i) = 4*j(i) + 5*m(i). Determine a(13).
-5
Let w(a) = -97*a - 9 - 89*a + 187*a. Let v(q) = q**2. Let r be v(3). Determine w(r).
0
Suppose -1 - 35 = 4*f. Let s be 8/10 + f/(-45). Let p(i) = 5 - 4 + 0*i + 11*i**2 - 2*i. Determine p(s).
10
Let s(o) = -o**3 + 4*o**2 + o - 1. Let h(k) = -11*k**2 - 53*k + 13. Let g be h(-5). Determine s(g).
11
Let t(q) = 3*q - 9. Suppose -m + 3 = 8. Let h(c) = -5*c + 14. Let n(z) = m*h(z) - 8*t(z). Let v be n(2). Let k(y) = -y**2 + 5*y - 2. What is k(v)?
2
Let d(p) = 5*p**2 - 2*p. Let g(c) be the third derivative of -c**5/15 + c**4/24 - c**3/6 + 6*c**2. Let y(z) = 5*d(z) + 6*g(z). Give y(6).
6
Let h(q) = 18*q**2 - 2*q + 1. Suppose 3 = 2*n - 11. Let j(x) = 4 + n - 5 - x. Let z be j(5). Give h(z).
17
Let a = -1353 + 1359. Let n(i) = -i**3 + 5*i**2 - 6*i - 3. What is n(a)?
-75
Let d = 18 + -19. Let t(w) = -5*w**2 + w + 1. What is t(d)?
-5
Let y(k) = -k**2 - 6*k - 9. Let c = -395 + 388. What is y(c)?
-16
Let i be (-2 - (-15)/6)/((-2)/20). Let n(r) = -4*r**2 + 14*r - 7. Let c(k) = -5*k**2 + 15*k - 8. Let m(w) = i*c(w) + 6*n(w). What is m(-4)?
-22
Suppose -o + 3 = -3*d, 0 = 3*o + 5*d - 10*d - 5. Suppose o = -11*u - 22 - 22. Let c(f) = -f**2 - 4*f - 3. Determine c(u).
-3
Suppose -2*c + 30 = -4*k, 6*k = -3*c + 2*k + 35. Suppose -5*y + 7 = -c. Let m(u) be the first derivative of -u**3/3 + 3*u**2 - 3*u - 4. Calculate m(y).
5
Suppose -4*a = -5 - 3. Let n(l) = -l**3 + 3*l**2 + 2. Let f be n(a). Let c(z) be the second derivative of -z**3/6 - z**2 - 2*z - 85. Give c(f).
-8
Suppose 1 = 4*l + 17. Let f(w) be the third derivative of -w**7/5040 - 13*w**5/60 + 5*w**2. Let p(n) be the third derivative of f(n). Give p(l).
4
Let s be ((-6)/(-5))/((-9)/(-30)). Let c(d) = d. Let p(a) = -4*a**3 + 2*a + 1. Let x(i) = s*c(i) - p(i). Let b = -37 - -38. What is x(b)?
5
Let s(x) be the second derivative of -x**4/12 + x**3 - x**2/2 - 77*x. What is s(5)?
4
Let d(a) = -a**2 - 8*a - 8. Let s(u) = -u**3 - 8*u**2 - 12*u + 8. Let w be s(-4). Let b be d(w). Let z(f) = -f**3 - 8*f**2 + f + 9. Calculate z(b).
1
Let l be (-12)/9*6/(-4). Let z(v) = -4*v - l*v + 4*v**3 + 6*v - v. Let q(x) = 6*x - 29. Let g be q(5). What is z(g)?
3
Let c(u) = 15 - 4*u**3 - 9*u**3 - 25*u**2 + 12 + 12*u**3 + 27*u. What is c(-26)?
1
Suppose 4*m = 9 + 111. Let w = m + -28. Let o(c) = 18*c**3 - 9 - 8*c**2 - w*c + 4*c - 17*c**3. Calculate o(8).
7
Suppose 0 = -4*v + 3*g + 46, 6 = 5*v - 4*g - 52. Suppose 2*i - v = i. Let b(x) = x**2 - 4 - 2 + 5*x + i. Calculate b(-3).
-2
Let l(a) = 4*a - 3. Let b(p) = -44*p + 32. Let f(x) = 3*b(x) + 32*l(x). Let n = -101 + 99. What is f(n)?
8
Let w(n) = -1. Let c(k) = k. Let d(s) = c(s) + 2*w(s). Let f = -5 + 16. Let i = -6 + f. What is d(i)?
3
Let j(v) = -v**2 + 8*v - 3. Suppose 0 = 11*t + 31 - 97. Give j(t).
9
Let g(u) = 7*u**3 - 2*u**3 + 2*u**3 + 3*u - 3 - 7*u**3 + 4*u**2 + u**3. Suppose 5*p = -3*h - 0*p + 6, 18 = -4*h + 2*p. Calculate g(h).
-3
Let t(y) = -36*y - 3*y - 7 + 72*y - 31*y - 1 + 2. Suppose 0 = 2*a - 8 - 0. Calculate t(a).
2
Let q(b) = -b**3 - 11*b**2 + 16*b + 6. Let j(f) = f**3 + 10*f**2 - 14*f - 6. Let c(h) = -5*j(h) - 4*q(h). Give c(-6).
-30
Let r(u) = 4*u + 7. Let v be r(-5). Let y = v + 10. Let h(p) = -15*p**3 + 3*p + 3. Let n(a) = -31*a**3 + 7*a + 7. Let d(i) = y*n(i) + 7*h(i). Give d(-1).
12
Let o(j) = j**3 + 6*j**2 - 3*j - 8. Suppose 12 = 3*d - 5*d. Let z be o(d). Let h(l) = -21*l + l**2 + 16*l + z*l + 1. Give h(-5).
1
Let w(i) be the first derivative of i**4/4 + 10*i**3/3 + 13*i**2/2 + 2*i - 562. Determine w(-9).
-34
Let g(f) = -6*f**3 - 13*f**2 + 11*f - 10. Let i(h) = -h**3 - 3. Let m(a) = -g(a) + 5*i(a). Calculate m(-14).
-47
Let p(a) = a**2 + 3*a + 1. Let c = -219 + 82. Let g = c - -134. Determine p(g).
1
Let r(p) = 3*p**2 - 9*p. Let k be r(2). Let m(a) = a**2 + a + 7. What is m(k)?
37
Let h(m) be the first derivative of m**4/4 - m**3/3 + 12. Let c(b) = -b**3 - 7*b - 8. Let u be c(-1). Calculate h(u).
0
Let n(u) be the first derivative of 9/2*u**2 + 26*u + 6. Let l(z) = -3*z - 9. Let s(t) = -17*l(t) - 6*n(t). Give s(-2).
3
Suppose -p + 0*p = -8. Suppose 3*h + p = 7*h. Let q(m) = -4*m - 11*m + 14*m. Determine q(h).
-2
Suppose 9*l + 786 + 186 = 0. Let b = l + 111. Let s(i) be the first derivative of i**2/2 + 3*i + 1. Give s(b).
6
Let q(c) be the second derivative of -c**5/20 - 3*c**4/4 + 5*c**3/6 - 2*c**2 - 13*c + 10. Calculate q(-9).
-49
Let o(g) = -g**2 + g + 1. Let h = 8 - 5. Let m(k) = k + 6. Let n be m(-5). Let a(f) = -f**3 + 8*f**2 + f. Let r(u) = h*o(u) + n*a(u). What is r(6)?
-9
Let f(w) = -10*w + 110 - 113 + 4*w - w**2. Let o be f(-5). Let l(s) = 1 + 204*s**3 - 203*s**3 - 3*s - o - s**2. Give l(-2).
-7
Let n(j) be the third derivative of j**5/60 + j**4/24 - j**3/6 - 12*j**2. Let r be n(-2). Let h(u) = 3*u**2 - 2*u + 1. Give h(r).
2
Let c(x) = -9*x**2 - 4*x - 6 - x**2 + 10*x**2 + 9*x**2 - x**3 - 5*x. Determine c(8).
-14
Let l be 115/5 - (1 + -3). Suppose -3*w - 22 = -l. Let j(z) = 19*z**2 + z - 1. Determine j(w).
19
Let j(w) = -2*w + 4. Let h(v) = -3*v + 24. Let y(k) = -12 - k + k + k + 0*k. Let i(m) = 4*h(m) + 9*y(m). Let n be i(-6). Determine j(n).
-8
Let b(r) = 12225*r**2 - 12223*r**2 - 1 - 5. Determine b(0).
-6
Let k(p) = -2*p - 3*p**2 - 4*p + 2*p**2 + 5*p. Suppose -5*b + l + 20 = -3*l, -4*b - 10 = 2*l. What is k(b)?
0
Let v(h) be the first derivative of 20 + 1/4*h**4 - 4*h - 1/3*h**3 + 0*h**2. What is v(0)?
-4
Let t = -10 - -9. Let n(r) be the third derivative of r**6/45 + r**5/120 + r**4/24 - r**3/3 + 2*r**2. Let m(x) be the first derivative of n(x). Calculate m(t).
8
Suppose -6*k = -2 - 16. Let y be (2/(-4))/(1/(-2)). Let d(t) = -k + t - y - 2*t + 6. Give d(-2).
4
Let r(w) be the first derivative of -w**3/3 - 5*w**2/2 + 8*w + 2. Suppose -4*c = 0, -144*q + 5*c = -143*q + 7. Give r(q).
-6
Let b be -7 + 5 + 2 + (-2)/(-2). Let q(i) = -6*i**2 - 5*i - 9. Let l(d) = d**2 + 1. Let p(h) = b*q(h) + 5*l(h). Calculate p(-5).
-4
Suppose -69 - 100 = -13*d. Let y(z) = -d - 2*z**2 + 3*z + 5 + 11. Give y(3).
-6
Let s(f) = 3*f + 25. Let t be s(-9). Let k(u) = -3*u**3 - 2*u**2 - 3*u - 10. Let y(r) = 2*r**3 + r**2 + 2*r + 7. Let i(l) = -5*k(l) - 7*y(l). Cal